{"id":338,"date":"2019-03-19T14:38:56","date_gmt":"2019-03-19T13:38:56","guid":{"rendered":"http:\/\/gtmg.u-bourgogne.fr\/?page_id=338"},"modified":"2025-10-20T15:29:59","modified_gmt":"2025-10-20T14:29:59","slug":"journees-du-gtmg-2","status":"publish","type":"page","link":"https:\/\/gtmg.u-bourgogne.fr\/?page_id=338","title":{"rendered":"Journ\u00e9es du GTMG"},"content":{"rendered":"<p><strong>Journ\u00e9es du GTMG<\/strong><br \/>Leur objectif est de favoriser les \u00e9changes entre les acteurs du groupe de travail. Ces journ\u00e9es sont l\u2019occasion de pr\u00e9senter les travaux de recherche en cours sur le sujet de la mod\u00e9lisation g\u00e9om\u00e9trique en France, sous la forme d\u2019expos\u00e9s ou de tours d\u2019horizons. Elles sont organis\u00e9es chaque ann\u00e9e par une \u00e9quipe de recherche diff\u00e9rente.<\/p>\n<table cellspacing=\"0\" cellpadding=\"0\">\n<tbody>\n<tr valign=\"top\">\n<td width=\"600\">\n<p>\u00c0 venir :<\/p>\n<ul>\n<li>Journ\u00e9e 2026, Paris, vendredi 20 mars 2026, 10h-17h <a href=\"https:\/\/gtmg2026.sciencesconf.org\/\">https:\/\/gtmg2026.sciencesconf.org\/<\/a><\/li>\n<\/ul>\n<p>&nbsp;<\/p>\n<p>Journ\u00e9es pass\u00e9es:<\/p>\n<ul>\n<li>Journ\u00e9es 2025, Poitiers, <a href=\"https:\/\/gtmg2025.sciencesconf.org\/\">https:\/\/gtmg2025.sciencesconf.org\/<\/a>, mercredi 19 et jeudi 20 mars 2025<\/li>\n<li>R-GTMG, pr\u00e9sentation de doctorants et post-doctorants, 27-28 mars 2024 \u00e0 Marseille. <a href=\"https:\/\/r-gtmg2024.sciencesconf.org\/\">https:\/\/r-gtmg2024.sciencesconf.org\/<\/a><\/li>\n<li>2024 : format diff\u00e9rent, pour \u00ab\u00a0l&rsquo;ann\u00e9e de la G\u00e9om\u00e9trie\u00a0\u00bb des GDR IM et IGRV (<a href=\"https:\/\/www.gdr-im.fr\/test-geometrie\/\">https:\/\/www.gdr-im.fr\/test-geometrie\/<\/a>). Rencontres des doctorants en mars \u00e0 Marseille (TBA), et session du GT lors de la conf\u00e9rence \u00ab\u00a0Geometry &amp; Computing\u00a0\u00bb au CIRM \u00e0 Marseille, du 21 au 25 octobre 2024\u00a0 (TBA)<\/li>\n<li>Journ\u00e9es 2023 \u00e0 Strasbourg, mars 2023, <a href=\"https:\/\/gtmg2023.sciencesconf.org\/\">site web<\/a><\/li>\n<li>Journ\u00e9es 2022 \u00e0 Dijon, 16-17 mars 2022 (conjoint JIG), <a href=\"https:\/\/gtmg2022.sciencesconf.org\/\">site web<\/a><\/li>\n<li>Journ\u00e9es 2021 \u00e0 Palaiseau, 18-19 mars 2021, <a href=\"https:\/\/gtmg2021.sciencesconf.org\/\">site web<\/a><\/li>\n<li>Journ\u00e9es 2020 \u00e0 Nancy, <del>18-19 mars 2020<\/del> -&gt; 2-3 juillet 2020, <a href=\"https:\/\/gtmg2020.sciencesconf.org\/\">site web<\/a><\/li>\n<li>Journ\u00e9es 2019 \u00e0 <a href=\"https:\/\/gtmg2019.sciencesconf.org\">Toulouse<\/a> 20 et 21 mars 2019, <a href=\"https:\/\/gtmg2019.sciencesconf.org\/program\">programme sur le site<\/a><\/li>\n<li>Journ\u00e9es 2018 \u00e0 <a title=\"Journ\u00e9es GTMG 2018\" href=\"http:\/\/gtmg2018.sciencesconf.org\" target=\"_blank\" rel=\"noopener noreferrer\">Aix-en-Provence<\/a>\u00a021 et 22 mars 2018, <a title=\"Programme GTMG 2019\" href=\"https:\/\/team.inria.fr\/imagine\/files\/2019\/03\/ProgrammeGTMG2019.pdf\" target=\"_blank\" rel=\"noopener noreferrer\">programme<\/a><\/li>\n<li>Journ\u00e9es 2017 \u00e0 <a title=\"Journ\u00e9es GTMG 2017\" href=\"http:\/\/gtmg2017.sciencesconf.org\" target=\"_blank\" rel=\"noopener noreferrer\">Cachan<\/a>\u00a022 et 23 mars 2017, <a title=\"Programme GTMG 2017\" href=\"https:\/\/team.inria.fr\/imagine\/files\/2015\/03\/ProgrammeGTMG17.pdf\" target=\"_blank\" rel=\"noopener noreferrer\">Programme<\/a><\/li>\n<li>Journ\u00e9es 2016 \u00e0 <a title=\"Journ\u00e9es GTMG 2016\" href=\"http:\/\/gtmg2016.sciencesconf.org\" target=\"_blank\" rel=\"noopener noreferrer\">Dijon<\/a> 23 et 24 mars 2016, <a title=\"Programme GTMG 2016\" href=\"https:\/\/team.inria.fr\/imagine\/files\/2015\/03\/ProgrammeGTMG16.pdf\" target=\"_blank\" rel=\"noopener noreferrer\">Programme<\/a><\/li>\n<li>Journ\u00e9es 2015 \u00e0 <a title=\"GTMG 2015\" href=\"http:\/\/gtmg2015.conference.univ-poitiers.fr\" target=\"_blank\" rel=\"noopener noreferrer\">Poitiers<\/a>\u00a01 et 2 avril 2015, <a title=\"Programme GTMG 2015\" href=\"https:\/\/team.inria.fr\/imagine\/files\/2015\/03\/ProgrammeGTMG15.pdf\" target=\"_blank\" rel=\"noopener noreferrer\">Programme<\/a><\/li>\n<li>Journ\u00e9es 2014 \u00e0 <a href=\"http:\/\/liris.cnrs.fr\/~gtmg2014\/\">Lyon<\/a> les 26 et 27 mars 2014, <a title=\"Programme GTMG 2014\" href=\"https:\/\/team.inria.fr\/imagine\/files\/2015\/03\/ProgrammeGTMG14.pdf\" target=\"_blank\" rel=\"noopener noreferrer\">Programme<\/a><\/li>\n<li>Journ\u00e9es 2013 \u00e0\u00a0<a href=\"http:\/\/gmod.lsis.org\/GTMG2013\/\">Marseille<\/a>\u00a0les 27 et 28 mars 2013, <a title=\"Programme GTMG 2013\" href=\"https:\/\/team.inria.fr\/imagine\/files\/2015\/03\/ProgrammeGTMG13.pdf\" target=\"_blank\" rel=\"noopener noreferrer\">Programme<\/a><\/li>\n<li>Journ\u00e9es 2012 \u00e0\u00a0<a href=\"http:\/\/icube-web.unistra.fr\/gtmg2012\/index.php\/Accueil\">Strasbourg<\/a>\u00a0les 21 et 22 mars 2012, <a title=\"Programme GTMG 2012\" href=\"https:\/\/team.inria.fr\/imagine\/files\/2015\/03\/ProgrammeGTMG12.pdf\" target=\"_blank\" rel=\"noopener noreferrer\">Programme<\/a><\/li>\n<li>Journ\u00e9es 2011 \u00e0 Grenoble les 30 et 31 mars 2011, <a title=\"Programme GTMG 2011\" href=\"https:\/\/team.inria.fr\/imagine\/files\/2015\/03\/ProgrammeGTMG11.pdf\" target=\"_blank\" rel=\"noopener noreferrer\">Programme<\/a><\/li>\n<li>Journ\u00e9es 2010 \u00e0\u00a0<a href=\"file:\/\/\/Users\/hahmann\/Documents\/ADMIN-RECH\/GTMG\/WWW-GTMG%20-%20saveJan14\/Amaury%20Jung%20%3Camaury.jung@inria.fr%3E\">Dijon<\/a>\u00a0les 31 mars et 1er avril 2010, <a title=\"Programme GTMG 2010\" href=\"https:\/\/team.inria.fr\/imagine\/files\/2015\/03\/ProgrammeGTMG10s.pdf\" target=\"_blank\" rel=\"noopener noreferrer\">Programme<\/a><\/li>\n<li>Journ\u00e9es 2009 \u00e0\u00a0<a href=\"http:\/\/www.irit.fr\/gtmg09\">Toulouse<\/a>\u00a0les 12 et 13 mars 2009, <a title=\"Programme GTMG 2009\" href=\"https:\/\/team.inria.fr\/imagine\/files\/2015\/03\/ProgrammeGTMG09.pdf\" target=\"_blank\" rel=\"noopener noreferrer\">Programme<\/a><\/li>\n<li>Journ\u00e9es 2008 \u00e0\u00a0Mulhouse\u00a0(\u00e9cole de printemps du GDR Informatique Graphique) du 12 au 14 Mars 2008<\/li>\n<li>Journ\u00e9es 2007 \u00e0 l&rsquo;Universit\u00e9 de\u00a0<a href=\"http:\/\/www.univ-valenciennes.fr\/lamav\/GTMG2007\">Valenciennes<\/a>, 21-22 mars 2007, <a title=\"Programme GTMG 2007\" href=\"https:\/\/team.inria.fr\/imagine\/files\/2015\/03\/ProgrammeGTMG07.pdf\" target=\"_blank\" rel=\"noopener noreferrer\">programme<\/a><\/li>\n<li>Journ\u00e9es 2006 \u00e0 l&rsquo;ENS de\u00a0Cachan\u00a0les 22 et 23 mars 2006<\/li>\n<li>Journ\u00e9es 2005 \u00e0\u00a0Poitiers\u00a0les 16 et 17 mars 2005<\/li>\n<li>Journ\u00e9es 2004 \u00e0\u00a0Lyon\u00a0les 10 et 11 mars 2004<\/li>\n<li>Journ\u00e9es 2003 \u00e0 Aix-en Provence les 19 et 20 mars 2003<\/li>\n<li>Journ\u00e9es 2002 \u00e0\u00a0<a href=\"http:\/\/www.emn.fr\/GTMG2002\">Nantes<\/a>\u00a0les 27 et 28 mars 2002, <a title=\"Programme GTMG 2002\" href=\"https:\/\/team.inria.fr\/imagine\/files\/2015\/03\/ProgrammeGTMG02.pdf\" target=\"_blank\" rel=\"noopener noreferrer\">Programme<\/a><\/li>\n<li>Journ\u00e9es 2001 \u00e0 Dijon en mars 2001<\/li>\n<li>Journ\u00e9es sur le th\u00e8me \u00a0\u00bb Courbes, Surfaces et Images \u00a0\u00bb \u00e0 Grenoble en Septembre 1999<\/li>\n<li>Rencontre du th\u00e8me \u00ab\u00a0Vers la prise en compte de nouvelles approches pour la mod\u00e9lisation de courbes et surfaces\u00a0\u00bb, Rennes en d\u00e9cembre 1997 (lors des journ\u00e9es AFIG)<\/li>\n<li>R\u00e9union du groupe en septembre 1997 : Journ\u00e9es Modeleurs G\u00e9om\u00e9triques \u00e0 Grenoble<\/li>\n<li>Rencontre du th\u00e8me \u00ab\u00a0reconstruction\u00a0\u00bb 1997 \u00e0 Marseille<\/li>\n<li>1<sup>\u00e8res<\/sup> Journ\u00e9es \u00e0 Poitiers en novembre 1995 constituant le GTMG<\/li>\n<\/ul>\n<\/td>\n<\/tr>\n<\/tbody>\n<\/table>\n\n\n<p><\/p>\n","protected":false},"excerpt":{"rendered":"<p>Journ\u00e9es du GTMGLeur objectif est de favoriser les \u00e9changes entre les acteurs du groupe de travail. Ces journ\u00e9es sont l\u2019occasion de pr\u00e9senter les travaux de recherche en cours sur le sujet de la mod\u00e9lisation g\u00e9om\u00e9trique en France, sous la forme d\u2019expos\u00e9s ou de tours d\u2019horizons. Elles sont organis\u00e9es chaque ann\u00e9e par une \u00e9quipe de recherche &hellip; <\/p>\n<p><a class=\"more-link btn\" href=\"https:\/\/gtmg.u-bourgogne.fr\/?page_id=338\">Lire la suite<\/a><\/p>\n","protected":false},"author":4,"featured_media":0,"parent":0,"menu_order":0,"comment_status":"closed","ping_status":"closed","template":"","meta":{"footnotes":""},"class_list":["post-338","page","type-page","status-publish","hentry","nodate","item-wrap"],"_links":{"self":[{"href":"https:\/\/gtmg.u-bourgogne.fr\/index.php?rest_route=\/wp\/v2\/pages\/338","targetHints":{"allow":["GET"]}}],"collection":[{"href":"https:\/\/gtmg.u-bourgogne.fr\/index.php?rest_route=\/wp\/v2\/pages"}],"about":[{"href":"https:\/\/gtmg.u-bourgogne.fr\/index.php?rest_route=\/wp\/v2\/types\/page"}],"author":[{"embeddable":true,"href":"https:\/\/gtmg.u-bourgogne.fr\/index.php?rest_route=\/wp\/v2\/users\/4"}],"replies":[{"embeddable":true,"href":"https:\/\/gtmg.u-bourgogne.fr\/index.php?rest_route=%2Fwp%2Fv2%2Fcomments&post=338"}],"version-history":[{"count":21,"href":"https:\/\/gtmg.u-bourgogne.fr\/index.php?rest_route=\/wp\/v2\/pages\/338\/revisions"}],"predecessor-version":[{"id":613,"href":"https:\/\/gtmg.u-bourgogne.fr\/index.php?rest_route=\/wp\/v2\/pages\/338\/revisions\/613"}],"wp:attachment":[{"href":"https:\/\/gtmg.u-bourgogne.fr\/index.php?rest_route=%2Fwp%2Fv2%2Fmedia&parent=338"}],"curies":[{"name":"wp","href":"https:\/\/api.w.org\/{rel}","templated":true}]}}

Journées du GTMG

<p><strong>Journées du GTMG</strong><br />Leur objectif est de favoriser les échanges entre les acteurs du groupe de travail. Ces journées sont l’occasion de présenter les travaux de recherche en cours sur le sujet de la modélisation géométrique en France, sous la forme d’exposés ou de tours d’horizons. Elles sont organisées chaque année par une équipe de recherche différente.</p>
<table cellspacing="0" cellpadding="0">
<tbody>
<tr valign="top">
<td width="600">
<p>À venir :</p>
<ul>
<li>Journée 2026, Paris, vendredi 20 mars 2026, 10h-17h <a href="https://gtmg2026.sciencesconf.org/">https://gtmg2026.sciencesconf.org/</a></li>
</ul>
<p>&nbsp;</p>
<p>Journées passées:</p>
<ul>
<li>Journées 2025, Poitiers, <a href="https://gtmg2025.sciencesconf.org/">https://gtmg2025.sciencesconf.org/</a>, mercredi 19 et jeudi 20 mars 2025</li>
<li>R-GTMG, présentation de doctorants et post-doctorants, 27-28 mars 2024 à Marseille. <a href="https://r-gtmg2024.sciencesconf.org/">https://r-gtmg2024.sciencesconf.org/</a></li>
<li>2024 : format différent, pour « l&rsquo;année de la Géométrie » des GDR IM et IGRV (<a href="https://www.gdr-im.fr/test-geometrie/">https://www.gdr-im.fr/test-geometrie/</a>). Rencontres des doctorants en mars à Marseille (TBA), et session du GT lors de la conférence « Geometry &amp; Computing » au CIRM à Marseille, du 21 au 25 octobre 2024  (TBA)</li>
<li>Journées 2023 à Strasbourg, mars 2023, <a href="https://gtmg2023.sciencesconf.org/">site web</a></li>
<li>Journées 2022 à Dijon, 16-17 mars 2022 (conjoint JIG), <a href="https://gtmg2022.sciencesconf.org/">site web</a></li>
<li>Journées 2021 à Palaiseau, 18-19 mars 2021, <a href="https://gtmg2021.sciencesconf.org/">site web</a></li>
<li>Journées 2020 à Nancy, <del>18-19 mars 2020</del> -&gt; 2-3 juillet 2020, <a href="https://gtmg2020.sciencesconf.org/">site web</a></li>
<li>Journées 2019 à <a href="https://gtmg2019.sciencesconf.org">Toulouse</a> 20 et 21 mars 2019, <a href="https://gtmg2019.sciencesconf.org/program">programme sur le site</a></li>
<li>Journées 2018 à <a title="Journées GTMG 2018" href="http://gtmg2018.sciencesconf.org" target="_blank" rel="noopener noreferrer">Aix-en-Provence</a> 21 et 22 mars 2018, <a title="Programme GTMG 2019" href="https://team.inria.fr/imagine/files/2019/03/ProgrammeGTMG2019.pdf" target="_blank" rel="noopener noreferrer">programme</a></li>
<li>Journées 2017 à <a title="Journées GTMG 2017" href="http://gtmg2017.sciencesconf.org" target="_blank" rel="noopener noreferrer">Cachan</a> 22 et 23 mars 2017, <a title="Programme GTMG 2017" href="https://team.inria.fr/imagine/files/2015/03/ProgrammeGTMG17.pdf" target="_blank" rel="noopener noreferrer">Programme</a></li>
<li>Journées 2016 à <a title="Journées GTMG 2016" href="http://gtmg2016.sciencesconf.org" target="_blank" rel="noopener noreferrer">Dijon</a> 23 et 24 mars 2016, <a title="Programme GTMG 2016" href="https://team.inria.fr/imagine/files/2015/03/ProgrammeGTMG16.pdf" target="_blank" rel="noopener noreferrer">Programme</a></li>
<li>Journées 2015 à <a title="GTMG 2015" href="http://gtmg2015.conference.univ-poitiers.fr" target="_blank" rel="noopener noreferrer">Poitiers</a> 1 et 2 avril 2015, <a title="Programme GTMG 2015" href="https://team.inria.fr/imagine/files/2015/03/ProgrammeGTMG15.pdf" target="_blank" rel="noopener noreferrer">Programme</a></li>
<li>Journées 2014 à <a href="http://liris.cnrs.fr/~gtmg2014/">Lyon</a> les 26 et 27 mars 2014, <a title="Programme GTMG 2014" href="https://team.inria.fr/imagine/files/2015/03/ProgrammeGTMG14.pdf" target="_blank" rel="noopener noreferrer">Programme</a></li>
<li>Journées 2013 à <a href="http://gmod.lsis.org/GTMG2013/">Marseille</a> les 27 et 28 mars 2013, <a title="Programme GTMG 2013" href="https://team.inria.fr/imagine/files/2015/03/ProgrammeGTMG13.pdf" target="_blank" rel="noopener noreferrer">Programme</a></li>
<li>Journées 2012 à <a href="http://icube-web.unistra.fr/gtmg2012/index.php/Accueil">Strasbourg</a> les 21 et 22 mars 2012, <a title="Programme GTMG 2012" href="https://team.inria.fr/imagine/files/2015/03/ProgrammeGTMG12.pdf" target="_blank" rel="noopener noreferrer">Programme</a></li>
<li>Journées 2011 à Grenoble les 30 et 31 mars 2011, <a title="Programme GTMG 2011" href="https://team.inria.fr/imagine/files/2015/03/ProgrammeGTMG11.pdf" target="_blank" rel="noopener noreferrer">Programme</a></li>
<li>Journées 2010 à <a href="file:///Users/hahmann/Documents/ADMIN-RECH/GTMG/WWW-GTMG%20-%20saveJan14/Amaury%20Jung%20%3Camaury.jung@inria.fr%3E">Dijon</a> les 31 mars et 1er avril 2010, <a title="Programme GTMG 2010" href="https://team.inria.fr/imagine/files/2015/03/ProgrammeGTMG10s.pdf" target="_blank" rel="noopener noreferrer">Programme</a></li>
<li>Journées 2009 à <a href="http://www.irit.fr/gtmg09">Toulouse</a> les 12 et 13 mars 2009, <a title="Programme GTMG 2009" href="https://team.inria.fr/imagine/files/2015/03/ProgrammeGTMG09.pdf" target="_blank" rel="noopener noreferrer">Programme</a></li>
<li>Journées 2008 à Mulhouse (école de printemps du GDR Informatique Graphique) du 12 au 14 Mars 2008</li>
<li>Journées 2007 à l&rsquo;Université de <a href="http://www.univ-valenciennes.fr/lamav/GTMG2007">Valenciennes</a>, 21-22 mars 2007, <a title="Programme GTMG 2007" href="https://team.inria.fr/imagine/files/2015/03/ProgrammeGTMG07.pdf" target="_blank" rel="noopener noreferrer">programme</a></li>
<li>Journées 2006 à l&rsquo;ENS de Cachan les 22 et 23 mars 2006</li>
<li>Journées 2005 à Poitiers les 16 et 17 mars 2005</li>
<li>Journées 2004 à Lyon les 10 et 11 mars 2004</li>
<li>Journées 2003 à Aix-en Provence les 19 et 20 mars 2003</li>
<li>Journées 2002 à <a href="http://www.emn.fr/GTMG2002">Nantes</a> les 27 et 28 mars 2002, <a title="Programme GTMG 2002" href="https://team.inria.fr/imagine/files/2015/03/ProgrammeGTMG02.pdf" target="_blank" rel="noopener noreferrer">Programme</a></li>
<li>Journées 2001 à Dijon en mars 2001</li>
<li>Journées sur le thème  » Courbes, Surfaces et Images  » à Grenoble en Septembre 1999</li>
<li>Rencontre du thème « Vers la prise en compte de nouvelles approches pour la modélisation de courbes et surfaces », Rennes en décembre 1997 (lors des journées AFIG)</li>
<li>Réunion du groupe en septembre 1997 : Journées Modeleurs Géométriques à Grenoble</li>
<li>Rencontre du thème « reconstruction » 1997 à Marseille</li>
<li>1<sup>ères</sup> Journées à Poitiers en novembre 1995 constituant le GTMG</li>
</ul>
</td>
</tr>
</tbody>
</table>


<p></p>

<p>Journées du GTMGLeur objectif est de favoriser les échanges entre les acteurs du groupe de travail. Ces journées sont l’occasion de présenter les travaux de recherche en cours sur le sujet de la modélisation géométrique en France, sous la forme d’exposés ou de tours d’horizons. Elles sont organisées chaque année par une équipe de recherche &hellip; </p>
<p><a class="more-link btn" href="https://gtmg.u-bourgogne.fr/?page_id=338">Lire la suite</a></p>
