{"id":6,"date":"2014-01-24T10:09:32","date_gmt":"2014-01-24T09:09:32","guid":{"rendered":"http:\/\/gtmg.u-bourgogne.fr\/?page_id=6"},"modified":"2025-01-10T12:04:56","modified_gmt":"2025-01-10T11:04:56","slug":"membres","status":"publish","type":"page","link":"https:\/\/gtmg.u-bourgogne.fr\/?page_id=6","title":{"rendered":"Membres"},"content":{"rendered":"<p><strong>Effectifs<\/strong><\/p>\n<p>Le groupe de travail compte environ ~250 membres (dont ~90 doctorants et post-docs) r\u00e9partis dans plusieurs \u00e9quipes de recherche fran\u00e7aises.<\/p>\n<p><span style=\"color: #993300;\"><strong>Devenir membre \/ se d\u00e9sinscrire : utiliser MyGDR <a href=\"https:\/\/mygdr.hosted.lip6.fr\/register\">https:\/\/mygdr.hosted.lip6.fr\/register<\/a><\/strong><span style=\"color: #000000;\"><br \/><\/span><\/span><\/p>\n<p><strong>Membres<\/strong> participant aux activit\u00e9s du GTMG (derni\u00e8re mise \u00e0 jour janvier 2025) :<\/p>\n<blockquote>\n<p><strong><a href=\"https:\/\/lib.u-bourgogne.fr\/\">LIB<\/a> (<strong>Dijon<\/strong>)<\/strong><\/p>\n<table cellspacing=\"0\" cellpadding=\"0\">\n<tbody>\n<tr valign=\"top\">\n<td width=\"320\">Druoton Lucie<br \/>Gentil Christian<br \/>Foucherot Ir\u00e8ne<br \/>Garnier Lionel<br \/>Lanquetin Sandrine<br \/>Morlet Lucas<br \/>Raffin Romain (\u00e9quipe <a href=\"https:\/\/lib.u-bourgogne.fr\/modelisation-geometrique\">MG<\/a>)<br \/>Roudet C\u00e9line<br \/>Roy Micka\u00ebl<br \/>Savelli Jo\u00ebl<\/td>\n<td width=\"270\">Gouaty Gilles<br \/>Bordeaux Boris<br \/>Beuret Ma\u00eblle<br \/>Poull Cl\u00e9ment<br \/>Diarra Ibrahim<br \/>Desormeaux Charles-Ad\u00e8le<br \/><br \/><br \/><\/td>\n<\/tr>\n<\/tbody>\n<\/table>\n<\/blockquote>\n<blockquote>\n<p><strong><a title=\"LIS GMOD\" href=\"https:\/\/www.lis-lab.fr\/gmod\/\">LIS<\/a><\/strong> (<strong>Marseille<\/strong>)<\/p>\n<table cellspacing=\"0\" cellpadding=\"0\">\n<tbody>\n<tr valign=\"top\">\n<td width=\"320\">Mavromatis S\u00e9bastien (\u00e9quipe G-MOD)<br \/>Bac Alexanda<br \/>Desbenoit Brett<br \/>Gonzales Lorenzo Aldo<br \/>Mari Jean-Luc<br \/>Rasskin Iv\u00e1n<br \/>Remy Eric<br \/>Thon S\u00e9bastien<br \/>Uribe Lobello Ricardo<\/td>\n<td width=\"270\">\n<div>\n<div>Yao Grekou<\/div>\n<div>Pietri\u00a0Mathieu\u00a0<\/div>\n<div>\n<div>Orukele Oghenemarho<\/div>\n<div>Samantha Thiel<\/div>\n<div>Yann-Situ Gazull<\/div>\n<\/div>\n<div>\u00a0<\/div>\n<div>\u00a0<\/div>\n<\/div>\n<\/td>\n<\/tr>\n<\/tbody>\n<\/table>\n<\/blockquote>\n<blockquote>\n<p><strong><a title=\"LJK-IMAGINE\" href=\"https:\/\/team.inria.fr\/imagine\/\">LJK<\/a><\/strong> (<strong>Grenoble<\/strong>)<\/p>\n<table cellspacing=\"0\" cellpadding=\"0\">\n<tbody>\n<tr valign=\"top\">\n<td width=\"320\">Hahmann Stefanie (\u00e9quipe Anima)<br \/>Skouras M\u00e9lina<br \/>Ronfard R\u00e9mi<br \/>Bonneau Georges-Pierre<br \/>Biard Luc (\u00e9quipe CVGI)<br \/>Thibert Boris<br \/>Szafran Nicolas<br \/>Leon Jean-Claude<br \/>Gerot C\u00e9dric (Gipsa)<br \/>Foucault Gilles (GSCOP)<br \/>Bigeon Jean<\/td>\n<td width=\"270\">Cance Benoit<br \/>Garcia Maxime<br \/>Le Vaou Youna<\/td>\n<\/tr>\n<\/tbody>\n<\/table>\n<\/blockquote>\n<blockquote>\n<p><strong><a title=\"iCUBE-IGG\" href=\"http:\/\/icube-igg.unistra.fr\/fr\/index.php\/Accueil\">iCube<\/a> <\/strong>\u00a0(<strong>Strasbourg<\/strong>)<\/p>\n<table cellspacing=\"0\" cellpadding=\"0\">\n<tbody>\n<tr valign=\"top\">\n<td width=\"320\">Bechmann Dominique (\u00e9quipe IGG)<br \/>Cazier David<br \/>Cotin St\u00e9phane<br \/>Hetroy Franck<br \/>Kraemer Pierre<br \/>Sauvage Basile<br \/>Schreck Pascal<br \/>Thery Sylvain<br \/>Allegre Remi<br \/>Mathis Pascal<\/td>\n<td width=\"270\">Viville Paul<br \/>Wendling Quentin<\/td>\n<\/tr>\n<\/tbody>\n<\/table>\n<\/blockquote>\n<blockquote>\n<p><strong><a title=\"XLIM-SIC\" href=\"https:\/\/www.xlim.fr\/recherche\/pole-mathematiques-informatique-image\/synthese-analyse-dimages\">XLIM-ASALI<\/a><\/strong>\u00a0(<strong>Poitiers, Limoges<\/strong>)<\/p>\n<table cellspacing=\"0\" cellpadding=\"0\">\n<tbody>\n<tr valign=\"top\">\n<td width=\"320\">Peltier Samuel (\u00e9quipe <a href=\"https:\/\/www.xlim.fr\/recherche\/pole-mathematiques-informatique-image\/synthese-analyse-dimages\/ig\">IG<\/a>)<br \/>Alayangues Sylvie<br \/>Andres Eric<br \/>Arnould Agnes<br \/>Ferrier-Belhaouari Hakim<br \/>Fuchs Laurent<br \/>Horna Sebastien<br \/>Largeteau Gaelle<br \/>Lienhardt Pascal<br \/>Meneveaux Daniel<br \/>Mercier Bruno<br \/>Meseure Philippe<br \/>Skapin Xavier<br \/>Zrour Rita<br \/>Claux Frederic (\u00e9q. SIR, Limoges)<br \/>Marcheix David (Labo LIAS, Poitiers, \u00e9quipe IDM)<\/td>\n<td width=\"270\">Courtin Simon<br \/>Gauthier Valentin<br \/>Rharbaoui Wassim<\/td>\n<\/tr>\n<\/tbody>\n<\/table>\n<\/blockquote>\n<blockquote>\n<p><strong><a title=\"LIX-STREAM\" href=\"https:\/\/www.lix.polytechnique.fr\/team\/12\/view\">LIX<\/a><\/strong> (<strong>Paris-Saclay<\/strong>)<\/p>\n<table cellspacing=\"0\" cellpadding=\"0\">\n<tbody>\n<tr valign=\"top\">\n<td width=\"320\">Memari Pooran (\u00e9quipe GEOVIC)<br \/>Cani Marie-Paule<br \/>Ovsjanikov Maks<br \/>Rohmer Damien<\/td>\n<td width=\"270\">Thomas Buffet<br \/>Nicolas Donati<br \/>Pierre Ecormier-Nocca<br \/>Maxime Kirgo<br \/>Maud Lastic<br \/>Corentin Mercier<br \/>Mariem Mesghanni<br \/>Pauline Olivier<br \/>Marie-Julie Rakotosaona<br \/>Robin Roussel<br \/>Abishek Sharma<br \/>Christophe Lino<br \/>Simone Melzi<br \/>Gautam Pai<br \/>Mikhail Panine<br \/>Liu Zhisong<\/td>\n<\/tr>\n<\/tbody>\n<\/table>\n<\/blockquote>\n<blockquote>\n<p><strong>LIRIS<\/strong> (<strong>Lyon<\/strong>)<\/p>\n<table cellspacing=\"0\" cellpadding=\"0\">\n<tbody>\n<tr valign=\"top\">\n<td width=\"320\">(\u00e9quipe ORIGAMI)<br \/>Bonneel Nicolas<br \/>Chaine Rapha\u00eblle<br \/>Digne Julie<br \/>Excoffier Thierry<br \/>Galin Eric<br \/>Gesquiere Gilles<br \/>Gu\u00e9rin Eric<br \/>Perna Eliane<br \/>Peytavie Adrien<br \/>Farrugia Jean-Philippe<br \/>Damiand Guillaume<br \/>Brandel Sylvain<br \/>Coeurjolly David<br \/>Denis Florence<br \/>Dupont Florent<br \/>Lavoue Guillaume<br \/>Vidal Vincent<br \/>Jaillet Fabrice (SAARA)<br \/>Nivoliers Vincent (\u00e9quipe <a title=\"LIRIS-R3AM\" href=\"https:\/\/liris.cnrs.fr\/equipe\/r3am\">R3AM<\/a>)<br \/>Iehl Jean-Claude<br \/>Samba Ndojh Ndiaye <br \/>Victor Ostromoukhov <br \/>Tristan Roussillon <br \/>Florence Zara <br \/>Eric Boix <br \/>Lucas Dubouchet<br \/>Eric Lombardi<br \/>Thomas Richard<br \/>Loic Rouquette<br \/>Nicolas Sa\u00fcl<br \/>Martial Tola<\/td>\n<td width=\"270\">Sanchez Julia<br \/>Pierre Bourquat<br \/>Cl\u00e9ment Colin<br \/>Yann Cortial<br \/>M\u00e9ghane Decroocq<br \/>Basile Fraboni<br \/>Tong Fu<br \/>Beatrix-Emoke Fulop-Balogh<br \/>Lucas Groleaz<br \/>Agathe Herrou<br \/>Vincent Jaillot<br \/>Julien Lacombe<br \/>Axel Paris<br \/>Yana Nehme<br \/>Lo\u00efs Paulin<br \/>Michael Saint-Guillain<br \/>Oscar Argudo<br \/>Jocelyn Meyron<br \/>Antoine Webanck<\/td>\n<\/tr>\n<\/tbody>\n<\/table>\n<\/blockquote>\n<blockquote>\n<p><strong>IRIT<\/strong> (<strong>Toulouse<\/strong>)<\/p>\n<table cellspacing=\"0\" cellpadding=\"0\">\n<tbody>\n<tr valign=\"top\">\n<td width=\"320\">Morin G\u00e9raldine (\u00e9quipe. <a title=\"IRIT-REVA\" href=\"https:\/\/www.irit.fr\/-Equipe-REVA-\">REVA<\/a>)<br \/>Carlier Axel<br \/>Chambon Sylvie<br \/>Durix Bastien<br \/>Gasparini Simone<br \/>Gaildrat Veronique<br \/>Gurdjos Pierre<br \/>Jessel Jean-Pierre<br \/>Houry Minica<br \/>Mouysset Sandrine<br \/>Barthe Loic (\u00e9quipe. <a title=\"IRIT-STORM\" href=\"https:\/\/www.irit.fr\/STORM\/site\/\">STORM<\/a>)<br \/>Mellado Nicolas<\/td>\n<td width=\"270\">Marie Pelissier-Combescure<br \/>R\u00e9my Alcouffe<br \/>Thomas Forgione<br \/>Thibault Lejemble<br \/>Olivier Hachette<br \/>Aziz Niyazov<br \/>Chems-Eddine Himeur<\/td>\n<\/tr>\n<\/tbody>\n<\/table>\n<\/blockquote>\n<blockquote>\n<p><strong><a href=\"http:\/\/\">LORIA\/Inria<\/a><\/strong> (<strong>Nancy<\/strong>)<\/p>\n<table cellspacing=\"0\" cellpadding=\"0\">\n<tbody>\n<tr valign=\"top\">\n<td width=\"320\">Sokolov Dmitry (\u00e9quipe PIXEL)<br \/>Alonso Laurent<br \/>Boltcheva Dobrina<br \/>Ray Nicolas<br \/>Corman \u00c9tienne<br \/>Lefebvre Sylvain (\u00e9quipe <a title=\"LORIA, INRIA-MFX\" href=\"https:\/\/mfx.loria.fr\/research\/\">MFX<\/a>)<br \/>Hornus Samuel<br \/>Martinez Jonas<br \/>Zanni Cedric<br \/>Hoai Diem Phuc Ngo (\u00e9quipe <a href=\"https:\/\/adagio.loria.fr\/\">Adagio<\/a>)<br \/>Isabelle Debled-Rennesson<br \/>Eric Domenjoud<br \/>Philippe Even<\/td>\n<td width=\"270\">Basselin Justine<br \/>Guillaume Coiffier<br \/>David Desobry<br \/>Fran\u00e7ois Protais<br \/>Etienne Jimmy<br \/>Tricard Thibault<br \/>Efremov Semyon<br \/>Bedell Pierre<br \/>Perchy Salim<br \/>Vennin Noemie<br \/>Remi Decelle<br \/>Florian Delconte<\/td>\n<\/tr>\n<\/tbody>\n<\/table>\n<\/blockquote>\n<blockquote>\n<p><strong>LIRMM<\/strong> (Montpellier)<\/p>\n<table cellspacing=\"0\" cellpadding=\"0\">\n<tbody>\n<tr>\n<td>Faraj Noura (\u00e9quipe <a href=\"https:\/\/www.lirmm.fr\/icar\/index.html\">ICAR<\/a>)<\/td>\n<td width=\"270\">\u00a0<\/td>\n<\/tr>\n<\/tbody>\n<\/table>\n<p><strong>LGIPM<\/strong> (Universit\u00e9 de Lorraine)<\/p>\n<table cellspacing=\"0\" cellpadding=\"0\">\n<tbody>\n<tr>\n<td>Ahmed Zidna<br \/>Dominique Michel<\/td>\n<td width=\"270\">Mohamed Yassir Nour<\/td>\n<\/tr>\n<\/tbody>\n<\/table>\n<p><strong>LISPEN<\/strong> (ENSAM <strong>Aix-en-Provence, Lille, Cluny<\/strong>)<\/p>\n<table cellspacing=\"0\" cellpadding=\"0\">\n<tbody>\n<tr valign=\"top\">\n<td width=\"320\">Pernot Jean-Philippe (Aix)<br \/>Polette Arnaud (Aix)<br \/>Vernon Philippe (Aix)<br \/>Damak Mohamed (Lille)<br \/>Nyiri Eric (Lille)<br \/>Gibaru Olivier (Lille)<br \/>Lou Ruding (Cluny)<br \/>Gajny Laurent (Paris)<\/td>\n<td width=\"270\">\n<div>\n<div>Orukele Oghenemarho<\/div>\n<\/div>\n<div>Sijie HU<br \/>Ghazanfar Ali SHAH<br \/>J\u00e9r\u00e9my MONTLAHUC<br \/>Matteo BOVIO<br \/>Saman VAFADAR<\/div>\n<\/td>\n<\/tr>\n<\/tbody>\n<\/table>\n<\/blockquote>\n<blockquote>\n<p><strong><a title=\"LURPA-Geo3D\" href=\"http:\/\/lurpa.ens-paris-saclay.fr\/version-francaise\/recherche\/equipe-geo3d\/\">LURPA<\/a><\/strong> (<strong>ENS Paris-Saclay<\/strong>)<\/p>\n<table cellspacing=\"0\" cellpadding=\"0\">\n<tbody>\n<tr valign=\"top\">\n<td width=\"320\">Mehdi-Souzani Charyar<br \/>Lartigue Claire<br \/>Anwer Nabil<br \/>Quinsat Yann<br \/>Thi\u00e9baut Fran\u00e7ois<\/td>\n<td width=\"270\">Qie Yifan<br \/>Euzenat Charly<\/td>\n<\/tr>\n<\/tbody>\n<\/table>\n<\/blockquote>\n<blockquote>\n<p><strong><a title=\"INRIA-TITANE\" href=\"https:\/\/team.inria.fr\/titane\/team\/\">INRIA-TITANE<\/a><\/strong> (<strong>Sophia Antipolis<\/strong>)<\/p>\n<table cellspacing=\"0\" cellpadding=\"0\">\n<tbody>\n<tr valign=\"top\">\n<td width=\"320\">Alliez Pierre<br \/>Tarabalka Yuliya<\/td>\n<td width=\"270\">Bauche Jean-Philippe<br \/>Duan Dorothy<br \/>Ennafii Oussama<br \/>Fang Hao<br \/>Jean-Dominique Favreau<br \/>Maggior Emmanuel<\/td>\n<\/tr>\n<\/tbody>\n<\/table>\n<\/blockquote>\n<blockquote>\n<p><strong><a title=\"LAMAV-CGAO\" href=\"https:\/\/www.uphf.fr\/LAMAV\/activites-scientifiques\">LAMAV<\/a><\/strong> (<strong>Valenciennes<\/strong>)<\/p>\n<table cellspacing=\"0\" cellpadding=\"0\">\n<tbody>\n<tr valign=\"top\">\n<td width=\"320\">Bay Thierry<br \/>Canonne Jean-Charles<br \/>Saini Laura<br \/>Taleb Salim<\/td>\n<td width=\"270\">\u00a0<\/td>\n<\/tr>\n<\/tbody>\n<\/table>\n<\/blockquote>\n<blockquote>\n<p><strong><a href=\"http:\/\/\">IRIMAS<\/a><\/strong> (<strong>Mulhouse<\/strong>)<\/p>\n<table cellspacing=\"0\" cellpadding=\"0\">\n<tbody>\n<tr valign=\"top\">\n<td width=\"320\">Cordier Frederic<br \/>Melkemi Mahmoud<br \/>Elbaz Mounir<br \/>Hammoudi Karim<br \/>Maillot Yvan<\/td>\n<td width=\"270\">\u00a0<\/td>\n<\/tr>\n<\/tbody>\n<\/table>\n<\/blockquote>\n<blockquote>\n<p><strong><a title=\"INSA-ROUEN LMI\" href=\"http:\/\/lmi.insa-rouen.fr\">LMI<\/a><\/strong> (<strong>Rouen<\/strong>)<\/p>\n<table cellspacing=\"0\" cellpadding=\"0\">\n<tbody>\n<tr valign=\"top\">\n<td width=\"320\">Gout Christian<br \/>Le Guyader Carole<br \/>Tonnoir Antoine<\/td>\n<td width=\"270\">Lambert Zo\u00e9<\/td>\n<\/tr>\n<\/tbody>\n<\/table>\n<\/blockquote>\n<blockquote>\n<p><span style=\"color: #3366ff;\"><b>LIGM <\/b><\/span>(<strong>Marne-la-Vall\u00e9e<\/strong>)<\/p>\n<table cellspacing=\"0\" cellpadding=\"0\">\n<tbody>\n<tr valign=\"top\">\n<td width=\"320\">Nozick Vincent<\/td>\n<td width=\"270\">Cl\u00e9ment Chomicki<\/td>\n<\/tr>\n<\/tbody>\n<\/table>\n<\/blockquote>\n<blockquote>\n<p><a title=\"I3S-MEDIACODING\" href=\"https:\/\/mediacoding.i3s.unice.fr\/index.php\/fr\/\"><strong>I3S<\/strong> <\/a>(<strong>Nice<\/strong>)<\/p>\n<table cellspacing=\"0\" cellpadding=\"0\">\n<tbody>\n<tr valign=\"top\">\n<td width=\"320\">Frederic Payan (\u00e9q. Mediacoding (SIS))<br \/>Marc Antonini<\/td>\n<td width=\"270\">Flora Quilichini<\/td>\n<\/tr>\n<\/tbody>\n<\/table>\n<\/blockquote>\n<blockquote>\n<p><strong><a href=\"http:\/\/\">Labri<\/a><\/strong> (<strong>Bordeaux<\/strong>)<\/p>\n<table cellspacing=\"0\" cellpadding=\"0\">\n<tbody>\n<tr valign=\"top\">\n<td width=\"320\">Guennebaud Gael (eq. Manao)<\/td>\n<td width=\"270\">Camille Brunel<br \/>Georges Nader<\/td>\n<\/tr>\n<\/tbody>\n<\/table>\n<\/blockquote>\n<blockquote>\n<p><strong><a href=\"http:\/\/\">Polytech Tours<\/a><\/strong> (<strong>Tours<\/strong>)<\/p>\n<table cellspacing=\"0\" cellpadding=\"0\">\n<tbody>\n<tr valign=\"top\">\n<td width=\"320\">Delest Sebastien<\/td>\n<td width=\"270\">\u00a0<\/td>\n<\/tr>\n<\/tbody>\n<\/table>\n<\/blockquote>\n<blockquote>\n<p><strong><a href=\"http:\/\/\">LIMOS<\/a><\/strong> (<strong>Clermont-Ferrand<\/strong>)<\/p>\n<table cellspacing=\"0\" cellpadding=\"0\">\n<tbody>\n<tr valign=\"top\">\n<td width=\"320\">Favreau Jean-Marie (\u00e9q. MAAD)<\/td>\n<td width=\"270\">\u00a0<\/td>\n<\/tr>\n<\/tbody>\n<\/table>\n<\/blockquote>\n\n\n<p><\/p>\n","protected":false},"excerpt":{"rendered":"<p>Effectifs Le groupe de travail compte environ ~250 membres (dont ~90 doctorants et post-docs) r\u00e9partis dans plusieurs \u00e9quipes de recherche fran\u00e7aises. Devenir membre \/ se d\u00e9sinscrire : utiliser MyGDR https:\/\/mygdr.hosted.lip6.fr\/register Membres participant aux activit\u00e9s du GTMG (derni\u00e8re mise \u00e0 jour janvier 2025) : LIB (Dijon) Druoton LucieGentil ChristianFoucherot Ir\u00e8neGarnier LionelLanquetin SandrineMorlet LucasRaffin Romain (\u00e9quipe MG)Roudet &hellip; <\/p>\n<p><a class=\"more-link btn\" href=\"https:\/\/gtmg.u-bourgogne.fr\/?page_id=6\">Lire la suite<\/a><\/p>\n","protected":false},"author":4,"featured_media":0,"parent":0,"menu_order":1,"comment_status":"closed","ping_status":"closed","template":"","meta":{"footnotes":""},"class_list":["post-6","page","type-page","status-publish","hentry","nodate","item-wrap"],"_links":{"self":[{"href":"https:\/\/gtmg.u-bourgogne.fr\/index.php?rest_route=\/wp\/v2\/pages\/6","targetHints":{"allow":["GET"]}}],"collection":[{"href":"https:\/\/gtmg.u-bourgogne.fr\/index.php?rest_route=\/wp\/v2\/pages"}],"about":[{"href":"https:\/\/gtmg.u-bourgogne.fr\/index.php?rest_route=\/wp\/v2\/types\/page"}],"author":[{"embeddable":true,"href":"https:\/\/gtmg.u-bourgogne.fr\/index.php?rest_route=\/wp\/v2\/users\/4"}],"replies":[{"embeddable":true,"href":"https:\/\/gtmg.u-bourgogne.fr\/index.php?rest_route=%2Fwp%2Fv2%2Fcomments&post=6"}],"version-history":[{"count":225,"href":"https:\/\/gtmg.u-bourgogne.fr\/index.php?rest_route=\/wp\/v2\/pages\/6\/revisions"}],"predecessor-version":[{"id":595,"href":"https:\/\/gtmg.u-bourgogne.fr\/index.php?rest_route=\/wp\/v2\/pages\/6\/revisions\/595"}],"wp:attachment":[{"href":"https:\/\/gtmg.u-bourgogne.fr\/index.php?rest_route=%2Fwp%2Fv2%2Fmedia&parent=6"}],"curies":[{"name":"wp","href":"https:\/\/api.w.org\/{rel}","templated":true}]}}